vide 27399087?
True
Is 64 a factor of 1085565568?
True
Is 43398568 a multiple of 152?
False
Does 3 divide 15746741?
False
Does 24 divide 48398160?
True
Is 1214 a factor of 922644856?
True
Does 2 divide 96414342?
True
Is 35 a factor of 4002236076?
False
Is 486 a factor of 225408744?
True
Does 52 divide 1983846080?
False
Is 36 a factor of 423682855?
False
Does 147 divide 222068490?
True
Is 4386786 a multiple of 597?
False
Is 5757974 a multiple of 969?
False
Does 9 divide 68161761?
True
Is 9708722 even?
True
Is 85175748 a multiple of 126?
True
Is 7130 a factor of 106479420?
True
Is 8512800 a multiple of 641?
False
Is 73 a factor of 45717561?
False
Is 29111061 a multiple of 21?
True
Is 36 a factor of 18351966?
False
Is 58 a factor of 20958480?
False
Is 19434230 a multiple of 5?
True
Does 8 divide 372922144?
True
Does 845 divide 228656155?
True
Is 281778514 a multiple of 761?
True
Is 6 a factor of 566097054?
True
Is 6449 a factor of 643084562?
False
Is 11987760 a multiple of 502?
True
Does 1838 divide 206843662?
False
Is 404 a factor of 68424846?
False
Is 117 a factor of 339739569?
True
Is 9690544 a multiple of 875?
False
Does 102 divide 117498568?
False
Does 20 divide 24060?
True
Is 1130 a factor of 238777978?
False
Is 108000256 a multiple of 2912?
True
Is 927681 a multiple of 87?
True
Is 4901 a factor of 700622455?
True
Is 520387378 a multiple of 667?
False
Is 1995 a factor of 2518384462?
False
Is 22283785 a multiple of 2?
False
Is 966 a factor of 1494301536?
True
Is 108431978 a multiple of 271?
True
Is 118229667 a multiple of 38?
False
Is 27 a factor of 122172152?
False
Is 9638576 a multiple of 8?
True
Is 403 a factor of 282727879?
False
Is 643 a factor of 64396726?
False
Does 680 divide 44002800?
True
Does 246 divide 17866488?
True
Does 74 divide 558795460?
True
Is 17 a factor of 46191652?
True
Is 141 a factor of 586822275?
False
Does 732 divide 12092640?
True
Does 4 divide 61397997?
False
Is 28722817 a multiple of 4?
False
Is 505 a factor of 10883404?
False
Is 300 a factor of 3877218300?
True
Is 194 a factor of 1077582454?
False
Does 13 divide 3174259684?
False
Does 7 divide 209720581?
True
Is 230265560 a multiple of 10?
True
Is 25 a factor of 313689950?
True
Does 180 divide 18124400?
False
Does 23 divide 705441567?
False
Is 573641693 a multiple of 10?
False
Is 32095456 a multiple of 223?
False
Does 481 divide 31402200?
False
Is 87703650 a multiple of 225?
True
Is 275788474 a multiple of 13?
True
Does 6 divide 743522780?
False
Is 232 a factor of 1131454720?
True
Does 540 divide 94275360?
True
Is 59938410 a multiple of 14?
True
Does 2776 divide 1765778745?
False
Does 67 divide 42506743?
True
Is 136 a factor of 695569113?
False
Does 83 divide 97068417?
True
Does 1205 divide 45373070?
True
Is 1255082219 a multiple of 3253?
True
Is 633864066 a multiple of 21?
False
Does 16 divide 11004997?
False
Is 44 a factor of 234342372?
True
Does 1981 divide 55598746?
True
Does 11 divide 826211503?
False
Does 246 divide 955926471?
False
Is 37 a factor of 50108589?
False
Is 24 a factor of 11336927?
False
Does 110 divide 12646316?
False
Does 387 divide 3009919977?
True
Does 47 divide 22365420?
True
Does 571 divide 49557137?
False
Does 2 divide 235515?
False
Is 29 a factor of 434169998?
False
Is 8 a factor of 3254373105?
False
Is 383 a factor of 289333393?
False
Is 181 a factor of 1104215840?
True
Is 920 a factor of 167949680?
True
Is 27585565 a multiple of 3?
False
Does 796 divide 39554832?
True
Is 395 a factor of 9529652?
False
Is 547 a factor of 410483522?
False
Is 1972 a factor of 1427993433?
False
Is 28 a factor of 166663?
False
Is 394 a factor of 7114898?
False
Does 15 divide 21436144?
False
Is 109368583 a multiple of 554?
False
Is 22 a factor of 1555629930?
False
Is 7050 a factor of 4782903300?
True
Is 75580782 a multiple of 25?
False
Is 55 a factor of 1161933740?
True
Is 184718160 a multiple of 16?
True
Is 3643 a factor of 513327844?
True
Is 26 a factor of 68661840?
True
Does 121 divide 92024130?
True
Is 1684341908 a multiple of 1107?
False
Is 14047792 a multiple of 5?
False
Is 21 a factor of 18855606?
True
Does 628 divide 10070495?
False
Is 176 a factor of 47735318?
False
Is 46 a factor of 78441270?
True
Does 5 divide 4154168?
False
Is 184046230 a multiple of 23?
True
Does 141 divide 15658133?
False
Is 46948608 a multiple of 1387?
False
Does 247 divide 14231261?
False
Is 1359720180 a multiple of 5355?
True
Is 540 a factor of 446176862?
False
Is 4070 a factor of 221390919?
False
Does 113 divide 1753535962?
False
Does 17 divide 5885553?
True
Is 809721555 a multiple of 892?
False
Is 938 a factor of 304555073?
False
Does 13 divide 22535916?
True
Does 4 divide 26364791?
False
Is 203613718 a multiple of 72?
False
Does 18 divide 8484371?
False
Is 853416610 a multiple of 46?
True
Is 827 a factor of 183380871?
False
Does 2817 divide 166586112?
True
Does 7 divide 288413201?
False
Does 158 divide 368686522?
True
Is 135352438 a multiple of 450?
False
Is 237 a factor of 36358502?
False
Is 14 a factor of 209287204?
True
Does 42 divide 750675198?
True
Is 586174717 a multiple of 20?
False
Does 2152 divide 4222224?
True
Does 64 divide 167437888?
True
Does 415 divide 62024581?
False
Does 181 divide 5519233?
True
Is 16 a factor of 81420656?
True
Is 2853007303 a multiple of 13331?
True
Does 109 divide 499838357?
True
Does 3488 divide 1733473078?
False
Does 22 divide 882697106?
False
Does 18 divide 2499767388?
True
Is 220656744 a multiple of 18?
True
Is 79 a factor of 77937450?
True
Is 197 a factor of 7795962?
False
Does 566 divide 76779598?
True
Does 2 divide 5080213?
False
Does 4447 divide 2660124248?
True
Does 12617 divide 1219344731?
True
Does 22 divide 28663737?
False
Is 301696160 a multiple of 8?
True
Does 3225 divide 389257500?
True
Is 2831 a factor of 62664185?
True
Does 256 divide 10237943?
False
Is 1758260470 a multiple of 5024?
False
Is 294 a factor of 93466128?
True
Does 19 divide 37728044?
False
Is 4169440 a multiple of 206?
True
Does 630 divide 70857990?
True
Is 1034438637 a multiple of 8894?
False
Does 75 divide 500750700?
True
Is 253 a factor of 363168850?
True
Does 984 divide 3920703720?
True
Is 1303 a factor of 72790792?
True
Is 4820 a factor of 505368096?
False
Is 18325743 a multiple of 163?
False
Is 46 a factor of 2423539909?
False
Is 4036021 a multiple of 113?
True
Does 5 divide 726743331?
False
Is 13228 a factor of 1088188192?
True
Is 11111499 a multiple of 4?
False
Is 112053315 a multiple of 33?
True
Is 74502469 a multiple of 40?
False
Is 98127915 a multiple of 17?
False
Does 720 divide 66287758?
False
Does 54 divide 28429758?
True
Is 124 a factor of 537333841?
False
Is 287552932 a multiple of 238?
False
Is 190593130 a multiple of 10?
True
Is 4101 a factor of 6384939?
False
Is 19 a factor of 5921977?
True
Is 286 a factor of 19152848?
True
Does 3068 divide 95859075?
False
Is 1062 a factor of 353256246?
True
Does 969 divide 145039830?
False
Is 18 a factor of 1792064?
False
Is 17 a factor of 117508590?
True
Does 4 divide 313061120?
True
Is 32 a factor of 106185088?
True
Is 2014 a factor of 2344406770?
True
Is 928 a factor of 31219489?
False
Does 623 divide 226664889?
False
Does 17 divide 380783?
True
Is 2606 a factor of 994999419?
False
Does 33 divide 155357380?
False
Does 159 divide 410585382?
True
Is 11 a factor of 574478509?
True
Is 135 a factor of 53974060?
False
Does 215 divide 3609768?
False
Is 31203106 a multiple of 14?
False
Does 514 divide 63897938?
False
Does 579 divide 932182603?
False
Does 43 divide 1176346872?
True
Does 3540 divide 514925407?
False
Does 235 divide 175268875?
True
Does 24 divide 1396503?
False
Does 104 divide 63458616?
True
Is 575372602 a multiple of 191?
True
Does 11 divide 7485126?
True
Is 45 a factor of 35056845?
True
Is 14 a factor of 2047143784?
True
Is 2 a factor of 863118?
True
Is 1754 a factor of 177422673?
False
Is 172984572 a multiple of 331?
True
Is 14 a factor of 1356259822?
False
Is 12 a factor of 886001?
False
Does 82 divide 1667467?
False
Does 41 divide 24872609?
True
Is 9925048 a multiple of 57?
False
Is 56178633 a multiple of 579?
True
Is 172 a factor of 2667140495?
False
Is 380018193 a multiple of 1695?
False
Is 53 a factor of 21610542?
False
Is 27 a factor of 1422613035?
False
Is 28 a factor of 36923636